of -4 + 1 - (14 + -17 + 14)?
-14
What is the value of 24 + (-5 + -10 - -3)?
12
Evaluate (4 - 17) + 12 + -9.
-10
Calculate 6 + (23 - 4) - 1.
24
Calculate -4 - (-7 + -30 + 49).
-16
13 + -20 + (2 - -11) + -8
-2
1 - ((-14 + 24 - 9) + -17)
17
Calculate (32 - (-2 - -27)) + (2 - 0 - -1).
10
26 - (33 - 4) - -14
11
What is (-8 - (4 - 0)) + 33 + -27?
-6
Evaluate (-18 + 21 - ((0 - 0) + 7)) + -5.
-9
Calculate (1 - 14) + (31 + -6 - 26).
-14
What is -1 - ((6 - (-7 - -10)) + -12)?
8
Calculate (-19 + -2 - -11 - -9) + -10.
-11
What is the value of -23 + (10 - -27) - 34?
-20
Evaluate 15 + -11 - -7 - (-17 + -11).
39
What is the value of -9 + 24 + -10 - 0?
5
What is the value of -7 - (-18 + 7 - -7)?
-3
Evaluate -31 + 36 + (2 + -6 - 2).
-1
Calculate 16 + -40 + (-6 - -6).
-24
Calculate (-14 - (-35 + 11)) + -36.
-26
Calculate -2 + -2 + 11 - (24 + -22 + 18).
-13
Calculate -3 + -6 + 15 + (-2 + 1 - 2).
3
Calculate 7 - (11 + -10 + -4 + 5).
5
(1 - 10) + (-11 + 38 - 31)
-13
Calculate 1 + -8 - (-328 - -322).
-1
Calculate -19 - (6 + -1) - (-5 - -22).
-41
Calculate (-2 - 0) + 1 + -4 + 18.
13
1 - (10 + -3 - 8)
2
What is 38 - (2 + -1 - (9 - (42 - 25)))?
29
Calculate (-10 - (-11 - (-12 - -13))) + (-19 - -1).
-16
What is (-23 - 0 - 1) + (32 + -2 - 24)?
-18
Calculate 0 + -5 + (18 - 11 - -1 - -9).
12
What is the value of -3 + -3 + (-10 - (12 - 6))?
-22
Evaluate 9 + (-11 - 35) + 26.
-11
What is -2 + -1 - (-134 - -110)?
21
What is the value of 1 - (-2 + 10 + 8) - 13?
-28
Evaluate 2 + 16 + (27 - 41).
4
What is -1 - (-1 - 4 - -12) - (23 + -18)?
-13
What is 0 + -9 + 6 - -7?
4
What is the value of (-8 - -10) + (-3 - 6) + -1 + -5?
-13
What is -1 + 1 - (9 + -5 + (3 - -9))?
-16
What is the value of 5 + 53 - (19 + 12)?
27
(-25 - (53 - 26)) + 28
-24
31 + -29 + 2 + -17
-13
Calculate -2 - (4 + -10) - (-6 - (5 - 8)).
7
What is the value of -123 + 123 + (-1 - (-4 + -1)) - 9?
-5
What is 9 + (-1 - 19) - -10 - 7?
-8
Calculate -2 - -4 - 4 - (-14 + 35 + -59).
36
What is the value of -7 + (6 - 7 - (-13 + 5))?
0
Evaluate 19 + -7 + -5 + 2.
9
What is -5 + (-6 - (-5 - 5)) + 0 - -4?
3
What is the value of (1 - 24) + (2639 - 2617)?
-1
23 - (19 + 1 - -5)
-2
Evaluate 0 - (-11 - (-7 - 8)).
-4
1 + 12 + 10 - 23
0
What is (2 - (8 + 1)) + (4 - 7)?
-10
Calculate 7 + (18 + -23 - -1) + 30.
33
44 + (-37 - -24) - 2
29
3 - ((-7 - 2 - -18) + -1)
-5
22 + -9 - (1 - -4)
8
What is the value of -10 - -7 - (-5 + 2) - -12?
12
0 + -1 - (-32 + 8 + 22)
1
What is 9 + (1 - 16) - (-1 + -18)?
13
Evaluate -21 + -14 + (30 - 8).
-13
-9 + 20 - ((-3 - 0) + 1 + -1)
14
Calculate 4 + (-6 - -12 - 5) + -8 + 2.
-1
Evaluate 53 + 1 - (-12 + 16 + 12).
38
What is the value of 261 - 272 - (2 + -1)?
-12
What is -11 - ((-2 - 5) + (-5 - 14))?
15
137 + -126 - (-2 - -18)
-5
Evaluate 5 + (9 - ((5 - -37) + -13)).
-15
Calculate -20 + 1 + 363 + -378.
-34
Evaluate 0 + 20 + (13 - (22 - 1) - -7).
19
-20 - (-10 - (-3 + -5))
-18
What is 4 + -12 - (-10 + 13 + 16)?
-27
What is (29 - (-8 + 19)) + (0 - (6 + 1))?
11
-10 + (-6 - (3 + -5)) + 8
-6
What is (10 - (10 + -2)) + 3 + 1 + -1?
5
What is (2 - (11 + -4 + -9)) + -17 + 0?
-13
Evaluate 12 + 0 - (276 - 253).
-11
Evaluate 42 + (1 - 10) + 6 + -9.
30
Calculate 18 + (30 + -34 - 46).
-32
Evaluate -12 - -52 - 57 - -33.
16
11 + -20 + 7 + -20
-22
(-10 - (-9 + -5)) + -5
-1
What is the value of 407 - 406 - (-2 + -1 + (-2 - -2))?
4
What is the value of 0 + 1 + -1 + 0 - (168 + -166)?
-2
8 + -16 + 7 + 20 + -12
7
Calculate -9 + -1 + -8 + 3 + 3.
-12
What is -8 + -2 + 2 + 0 - -10?
2
Evaluate 21 - (54 + -16 + -26).
9
Evaluate -4 - 2 - (11 + -2).
-15
Evaluate -254 + 291 + (0 - 3) + -9.
25
What is the value of (2 - (13 - ((11 - 2) + 1))) + 9?
8
Evaluate 24 + (-19 - -11) + 0 + 2 + -3.
15
Calculate -5 + (-6 - -4) + (95 - 90).
-2
-8 - (1 + 2 + 6 + -5 - 9)
-3
Calculate 1 + 11 + -9 + 29 + -13.
19
-35 + (30 - (13 + 2))
-20
Calculate 23 + (-12 + 42 - 63).
-10
Calculate -1 - (-42 - -1 - (17 + (-12 - 15))).
30
What is -4 - (0 - (24 - 6 - 10))?
4
What is the value of 8 - (-2 + 5 + 3 - 14 - -29)?
-13
What is the value of 2 + 2 - (-7 - (-6 - (-3 - 3)))?
11
Calculate (9 - (-7 - -11)) + 7.
12
What is 5 - -22 - (55 + -15)?
-13
What is the value of -2 + -28 + 1 + (1103 - 1094)?
-20
Evaluate (14 + -15 - 31) + 8.
-24
What is -5 + -20 - (5 - 28)?
-2
What is the value of -2 + -2 + 2 + (0 - (-22 + 14))?
6
Evaluate -21 + 41 + -16 - (-2 + -7).
13
What is the value of -26 - -33 - 2 - (2 - 0 - -20)?
-17
Evaluate -36 - -3 - (7 + (1 - 16) + 3).
-28
-11 - -3 - (-16 + 0 + -5)
13
What is the value of (-5 - (-5 - (6 + -2))) + -3?
1
What is the value of 7 + 1 + (-1 - 6) + 3 + 3?
7
Evaluate 2 + (4 - 18) - (1 - 4).
-9
18 + -36 + (-17 - -41)
6
Calculate -1 + 9 + -22 + 7.
-7
Calculate -8 + (-2 - -5) - (-30 - -6).
19
Calculate (1 - 12 - (-82 - -65)) + -4.
2
Calculate (-11 - -44) + 0 + 2 + -15.
20
26 - (-15 + (3 - -12))
26
3 - (-10 + -9 + 14)
8
Evaluate (1 - (12 + -12)) + 5 - -10.
16
Evaluate -16 - (12 + -2) - -12.
-14
What is 363 - 334 - (16 - 0)?
13
Calculate 17 + (1 + -19 - (-403 - -387)).
15
What is the value of -14 - (10 + -7 - 11)?
-6
Calculate 92 + -78 - (6 - 3 - 2).
13
What is the value of 2 + 0 - (-33 + -28 + 41)?
22
What is the value of -1 - 0 - (28 + -2 + -29)?
2
(-33 - -33) + (-3 + 0 - (-5 + -1))
3
1 + -5 + (-22 + 17 - -24 - -9)
24
18 + -17 + 6 - (3 - (9 - -3))
16
What is (2 - (3 + 1)) + (-6 - (7 + -8))?
-7
What is the value of -14 + 41 + (-5 - 24)?
-2
Evaluate -12 - -3 - (19 + -7 - 5 - 13).
-3
Evaluate 0 + -22 + (-42 - -48) - -6.
-10
Calculate (21 - (34 + -21)) + -22.
-14
What is -6 - (5 + -3 + -2 + -18)?
12
-6 + ((17 - 13) + 23 - (-3 - -2))
22
(-1 - (1 - 10)) + 1
9
What is 8 - (-6 + 11 + -4) - 18?
-11
Evaluate 0 - -1 - ((2 - 8 - -3) + 2).
2
41 + -25 + -10 - (0 + 0 - 3)
9
Calculate (-3 + 2 - 5 - -3) + (2 - -2).
1
What is 33 + -7 - (93 + -53)?
-14
What is the value of (-3 + -7 - -2) + 14?
6
What is (56 - 59) + -1 + -4 + -7?
-15
Calculate 4 - (5 + -5 + 7 + -7) - 19.
-15
What is -4 + 2 + -8 + 15 - (-12 - 2)?
19
Evaluate 2 + -2 - (15 - (11 - (-10 + 8))).
-2
8 - (2 - -28) - -7
-15
Calculate 3 - 2 - (3 - 0 - (9 + 0)).
7
Evaluate (0 - 10) + (-80 - -98) + 26 + -5.
29
12 + -97 + 98 + 0 + -3 - -24
34
Calculate -2 + (14 - -1) - ((-1 - -3) + 3).
8
What is 29 + (1 - 4) + (6 - (-2 + -1))?
35
6 + (-1 - 3) + -6 - 7
-11
What is (58 - 64) + (2 - 1)?
-5
Calculate (-29 - -3) + (6 - 17) + (-1 - -9).
-29
-4 + 7 + (-7 + 2 - (-35 - -30))
3
What is -13 + -34 - -16 - -29?
-2
What is (-10 - -7) + (7 - (5 + (7 - 0)))?
-8
What is the value of -7 + (0 - -1) + -7 + 6?
-7
Calculate (109 - 100) + -2 + -9.
-2
Evaluate (15 - 8) + -4 + -3 - 3.
-3
-5 + 2 + 0 + 3 + 8 + -13
-5
What is the value of (5 - (3 + (-2 - 13) - -5)) + -1?
11
What is the value of (26 - 6 - 6 - 10) + -2?
2
Evaluate 13 + 23 + -17 + -42.
-23
What is the value of (-7 - (11 - 9) - -7) + 31?
29
What is (4 - (-3 - -5)) + (0 - (-2 + 6))?
-2
Evaluate (-2 - (21 - 31)) + 23.
31
Calculate (-4 - -38) + (-4 - 1) + -1.
28
Evaluate (-15 + 11 - (-9 - -2) - -2) + 8.
13
Calculate 143 - 109 - (7 + -6 - -17).
16
-3 - ((-12 - -18) + -6)
-3
Evaluate (15 - (19 - 16)) + -13.
-1
What is the value of -3 + -13 + -1 + 12 + -18?
-23
-5 + 25 + (2 - (-1 + 10))
13
What is 8 + 34 + -32 - (-1 - (17 + -2))?
26
What is -8 - (4 + -9 + (11 - (4 + -1)))?
-11
2 - 10 - (-192 - -185)
-1
What is the value of (-3 - (4 + 4 + -5)) + -21 + 17?
-10
(15 - 4) + 4 + -7
8
Calculate (-8 - (2 - 3)) + (7 - (-24 + 4)).
20
What is (0 + 0 - (0 + -1)) + (1892 - 1896)?
-3
1 - (-5 + 0 - (18 + (-17 - 2)))
5
Calculate (-47 + -2 - -48) + 2 + 9.
10
What is the value of (4 - (11 + -18 - -6)) + 8?
13
Evaluate -233 + 240 - (13 - -1) - -24.
17
What is the value of (4 - 4) + (-1 - -2) + (-1937 - -1933)?
-3
Evaluate -15 + 13 + (2 - -16).
16
What is -6 + -2 + (20 - (-5 - -12))?
5
What is 11 + (13 - (8 - 14)) - 6?
24
What is the value of -20 + 3 - (75 + -101)?
9
Evaluate -12 + (34 - 12) + (1 - (-2 + 8)).
5
What is the value of (12 + (5 - 6) - -8) + -8 + 0?
11
What is the value of -7 - (-6 + 0) - (-7 - -14)?
-8
(-1 - -22 - (-2 + -4)) + -8
19
8 - (-4 - (-24 - -16))
4
-7 + -3 + 0 - -1 - (-49 + 55)
-15
Calculate (0 - 7) + 372 + -360.
5
What is the value of -7 + 7 + (-13 - -8)?
-5
Calculate 20 + -13 + 0 + -1 + -5.
1
Calculate 4 - 1 - (-49 - -69 - 2).
-15
What is 1 + 1 - 3 - ((-7 - 11) + 13)?
4
What 